 is the value of -10 + (11 - 1 - -2)?
2
What is the value of (7 - 2) + -6 + (-1 - 0)?
-2
Evaluate (-5 - (-4 + 5)) + 7 + -4.
-3
0 - (1 + -9 - -12)
-4
What is 5 + 14 - 10 - 13?
-4
What is the value of -7 + 1 + (-11 - -12)?
-5
Evaluate -1 + 10 + (-8 - -3) + 0.
4
Evaluate 16 - 22 - (1 - 3 - -1).
-5
Evaluate (6 - (3 - 0)) + -1 + -7.
-5
Calculate (-2 + 3 - 4) + 2 + 5.
4
Evaluate -25 + 15 - (-7 + 0).
-3
Calculate (-5 - (-3 + -5)) + 2.
5
Evaluate (5 - (12 + -4)) + 5.
2
Evaluate (10 - 4 - 7) + 0 + -3.
-4
What is -14 - (-4 + 2 - 8)?
-4
-4 + (3 - 4) - -3
-2
Evaluate (0 - -2) + (-13 - -16) + -5.
0
What is -4 + -1 + 0 - -6?
1
Calculate -12 - (-17 + (-12 - -23)).
-6
3 + -2 + -4 + 4 + -4
-3
-4 + 15 + -5 + 0
6
Evaluate 3 + 0 + -5 + 1 + 5.
4
Calculate -48 + 44 - (1 - 12).
7
What is the value of -4 - (-5 - (7 + -12)) - 0?
-4
What is 0 - (3 + 2 + -1) - -6?
2
What is (-2 - (-2 - 2)) + -7 + 1?
-4
6 - (18 - 19 - (-3 + 0))
4
Evaluate (11 - (-1 + 7 + -2)) + 0.
7
Calculate -1 - ((3 + -8 - -5) + 0).
-1
-2 - (-6 + -7 - -9)
2
Evaluate (4 - -3 - 5) + 3 + -3.
2
(4 - -3) + -3 - 4
0
Calculate 4 + -2 + 2 + -1.
3
What is -2 + 4 + -7 + 0 + 2?
-3
Evaluate -1 - -13 - (-3 - (-1 - 6)).
8
What is 2 - 3 - (0 + -3)?
2
Evaluate -7 + (1 - 6 - (5 - 16)).
-1
(-1 - -3) + -7 + (8 - 4)
-1
What is 13 + (10 - 19 - (-7 - -5))?
6
Calculate -4 + 2 + 0 + -2.
-4
What is (1 - -3) + (2 - 6) - -2?
2
46 + -40 - (6 - 0)
0
(151 - 146) + 0 + 6
11
Calculate (0 - (4 + -1)) + 7.
4
What is (-1 + 0 - 2) + (10 - 7)?
0
What is -1 + -3 + 3 + -4?
-5
What is 4 - (0 + 4 + 7) - -3?
-4
What is 3 + -11 + 1 + 8?
1
What is (19 + -16 - (-1 - 0)) + -7?
-3
What is the value of (5 - (3 + 2)) + -5?
-5
Evaluate (0 - 5) + -8 + 7 + 2.
-4
What is the value of -5 + 0 + -11 + (6 - -9)?
-1
What is the value of 2 + -4 + 6 - 1?
3
Calculate 0 + 3 + -5 + -9 + 8.
-3
What is the value of (-8 - -6) + 8 - 8?
-2
6 - (3 + -3 - (-3 - -2))
5
3 + (3 - 5 - 3) - -2
0
What is the value of 12 - (9 - (9 - 7))?
5
What is 2 + (-1 - (5 - 6))?
2
-11 + (1 - 2) - (14 - 17)
-9
Calculate -7 - (6 + (-2 - 11) + 8).
-8
What is the value of (14 - 19 - -1) + -4?
-8
-2 + 5 + 10 - (7 + -4)
10
What is the value of 6 + -6 - (-15 + 9)?
6
What is (-1 + -1 - -9) + -3?
4
Calculate 8 - (-1 + 4 - 2 - -3).
4
What is 3 + (1 + -3 - -4)?
5
(5 - 4) + (2 - (-3 + 2))
4
Evaluate (-8 - 3) + 0 + 6.
-5
-8 - ((-7 - 1) + -4)
4
0 - 4 - (7 + -7 - 1)
-3
What is 8 - -1 - (-2 - -6)?
5
-6 + -1 + 1 + 5
-1
Calculate (4 - 1) + -13 + 14.
4
What is (6 - (16 - 12)) + -6?
-4
7 + 3 + 2 + -4
8
What is 1 + (-18 - -23) + (1 - 0)?
7
Evaluate 6 + 0 - (-14 + 22).
-2
What is the value of 5 - 0 - 2 - (5 - -1)?
-3
7 - (-3 + 4 + 2 - -4)
0
-2 - (1 + (-3 - (-5 - -3)))
-2
What is the value of 0 - (4 + 0 - (1 + -1))?
-4
Calculate -11 + -1 + 5 + 1.
-6
What is 7 - 1 - (17 + -17 + 8)?
-2
6 + -3 + (2 - 6)
-1
What is 2 + 5 + 8 + -10 + -6?
-1
What is the value of 10 + 1 + -10 - (4 + -1)?
-2
Evaluate 3 + (6 - ((4 - 1) + 2)).
4
What is the value of 5 + (4 - 5 - 4)?
0
Evaluate -1 + 0 + (-2 - -4) + -3.
-2
(2 - -2) + -3 - -4
5
Evaluate 3 - (6 + -2 + 4).
-5
What is 0 - -2 - (17 + -11)?
-4
Evaluate -4 - ((0 - 9) + (-3 - -7)).
1
Calculate 6 + 0 + 5 + -5.
6
Evaluate (1 - -1) + (35 - 37).
0
-4 - (1 - (-7 - (-11 - -3)))
-4
-8 + 7 - (1 + 2)
-4
Calculate (3 - 9) + (23 - 22).
-5
Evaluate 0 - 3 - (-5 + 10 - 11).
3
What is 10 + -5 + 3 + -4?
4
Calculate -3 - (4 - 7 - 7).
7
What is the value of 25 + -18 - (1 + 9)?
-3
3 + (1 - 2 - (3 - 6))
5
What is the value of -6 - (-3 + 1) - -1?
-3
Calculate (1 - (-1 + 2)) + (46 - 44).
2
What is the value of -6 + (2 - -6) + -9?
-7
Evaluate (7 - 11) + (0 - (1 + -3)).
-2
Evaluate -4 + (5 - 2 - (3 + 0)).
-4
What is the value of 6 + (2 - 3 - (-4 - -6))?
3
Calculate -6 + (6 - (2 - -3)).
-5
Evaluate -1 + -3 + (46 - 43).
-1
Evaluate -2 - -5 - (-2 + 4 - -4).
-3
Evaluate 29 + -18 + (-9 - -3).
5
Calculate (0 - -4) + 19 + -17.
6
Evaluate -3 - (-4 + 0 - -8).
-7
-3 - (-8 + 6 - -4 - 10)
5
3 - ((5 - 4) + 0)
2
What is the value of 0 - -4 - (-4 + 10) - -4?
2
Evaluate 8 - (16 + -8 + -4).
4
Evaluate (33 - 33) + -1 + 6 + -3.
2
What is the value of -4 + -1 + (0 - 0)?
-5
What is 0 + -4 + (12 - 6)?
2
What is the value of 9 - (-7 - (-2 - 8))?
6
Evaluate -26 + 32 - (2 + 0).
4
Calculate 1 - (-2 - (4 - 1 - 7)).
-1
What is -5 - 0 - (-28 + 23)?
0
Evaluate (-11 - (10 - 18)) + 13.
10
What is the value of (10 - (-10 + 9)) + (-7 - 0)?
4
What is 7 + (-4 - -3 - 1)?
5
What is the value of -45 + 37 - (2 + -11)?
1
Calculate 3 + 0 + -2 - 11 - -4.
-6
Evaluate -8 + 4 + 3 + (1 - -7).
7
What is -2 - -4 - (-2 + -1)?
5
Evaluate -1 + -1 - (-6 + -7 + 12).
-1
Evaluate 8 + -6 + -2 + 1 + 4.
5
What is the value of -1 - (-6 - (0 + -3))?
2
What is 3 + -3 + -4 + 7?
3
0 - (16 + -8 + -13)
5
What is the value of -5 - (4 + (-1 - (9 + 2)))?
3
-29 - -29 - (0 + 2)
-2
0 - (-8 - -2 - (-5 - -2))
3
Calculate 3 + 0 - (10 - 1).
-6
Evaluate 2 + -7 + 2 + (63 - 65).
-5
Calculate 12 + -11 + (4 - 1) + 2.
6
Evaluate -5 + 9 + (0 - 2).
2
What is 0 + 0 + -3 + 8?
5
Evaluate 3 + -8 - (-11 + (-1 - -2)).
5
What is -1 + 7 + (-2 - 0) + -2?
2
Calculate 6 + 2 + (-18 + 3 - -12).
5
Calculate 5 + (3 - 14 - -6).
0
What is 14 + -4 - 4 - (-1 + 2)?
5
What is the value of -13 + (5 - (11 + -19))?
0
What is the value of 1 + (7 - 6) + 0 + -2?
0
What is the value of 3 + (1 - -2) - (23 + -22)?
5
Calculate (2 + -5 - -3) + -1 + 4.
3
What is the value of 2 + (7 - 7 - (0 - 1))?
3
Calculate -2 + (7 - 0) + -6 + 3.
2
5 + -5 + 10 - (-2 + 8)
4
What is the value of -10 + -5 + (-4 - -15)?
-4
Evaluate -11 - -14 - (1 + 2).
0
Evaluate 0 + 4 - (31 - 30).
3
4 - ((5 - -1) + -5 + 4)
-1
Evaluate -3 + 2 + (-6 - -1).
-6
-5 - ((0 - -3) + -10) - 7
-5
What is 0 + -1 - (0 + -3 + -2)?
4
1 + -5 + -3 + 8 + 2
3
Evaluate 3 + -6 + 5 + -1 + 7.
8
What is the value of -3 + 0 + 4 - (-2 + -1)?
4
What is the value of 1 + -4 + (-4 - (0 + -4))?
-3
What is the value of 63 + -70 + 7 + 0?
0
Calculate -2 + 1 + 1 + 0 + -1.
-1
Evaluate (7 - (7 + -11 + -2)) + -8.
5
(10 + (-9 - -6) - 7) + -2
-2
What is -7 + (6 - 9 - (1 + -9))?
-2
Evaluate 1 - (-2 - -8) - (2 - 8).
1
What is 26 + -23 - (11 + -3)?
-5
-17 - (3 + -3 + -1 - 7)
-9
What is -2 + -11 + (1 - -13)?
1
49 + -40 - (1 - -3)
5
What is 0 - -5 - (11 + -10)?
4
Evaluate 5 + -1 + 1 + -1.
4
Evaluate (3 - (6 + -1)) + (1 - 1).
-2
-2 + 0 - (-5 + 3)
0
What is the value of -4 + 1 + (1 - 2) + 5?
1
Calculate (-4 - -7) + -4 + (-2 - -3).
0
What is the value of 4 + -4 - (-2 - 2)?
4
What is the value of 3 - -1 - (29 + -26)?
1
Evaluate -1 - (-1 - (-2 - 2)).
-4
Evaluate -7 + 14 + -14 - -8.
1
What is 26 + -41 - (-9 + 1)?
-7
What is -15 + (4 - -3) - -12?
4
What is (3 - 0 - 1 - 2) + 5?
5
What is the value of -2 + 3 - (-3 + (1 - 2))?
5
What is (-3 - -6 - 3) + 2?
2
(-1 - -13 - 4) + (1 - 6)
3
What is 0 + 6 + -6 + 4?
4
What is the value of 6 + 1 + -4 + (0 - -3)?
6
What is the value of 3 + (-1 - 8) + 4?
-2
What is (-2 - (3 - (4 - 5))) + 1?
-5
Evaluate 4 + -2 + 6 - 4.
4
7 + (-10 - -1) + (-4 - 0)
-6
Calculate (-3 - -3 - 5) + 0.
-5
Calculate 1 - 2 - ((-15 - -7) + 0).
7
What is -4 + -5 + 6 - (6 + -10)?
1
Evaluate 16 - (20 + -4) - (4 - 0).
-4
What is the value of 4 + -4 + -5 - 1?
-6
Calculate 0 - (1 + 4 + -3 + -3).
1
What is the value of (-2 - 12) + 6 + 0?
-8
1 - (3 + -5 + 2)
1
What is the value of 0 - (4 - 9) - 3?
2
What is the value of (-4 - -3) + -18 + 9 + 6?
-4
-19 + 18 - (0 + 7 + -1)
-7
Evaluate 0 + -3 + 4 + -3 + -2.
-4
What is the value of 0 + 5 + -7 + 4?
2
2 - (-1 + (-6 - (-21 + 4)))
-8
Calculate (0 - 3) + 3 + -6 + 0.
-6
-2 - (2 - -2 - 2)
-4
-22 - (-3 - 18) - (-1 - 10)
10
(-9 - -2 - -8) + (-2 - -6)
5
Calculate (1 - (-1 - 4)) + -8.
-2
Evaluate -4 - (-4 + 13) - (-2 + -4).
-7
What is 10 + -4 + 2 - 4?
4
Evaluate (-4 - 0 - -4) + -4.
-4
What is 13 + (-3 - -5 - 7 - 1)?
7
What is the value of 4 + 4 + -6 + -1 + 5?
6
What is 4 - (-3 - (-1 + 4 - 5))?
5
7 - 8 - (4 - 9 - -1)
3
What is the value of -2 - 4 - -4 - (-8 - -1)?
5
2 - (-3 - (-13 - -12))
4
Evaluate (3 - 1) + -2 + 2 + 3.
5
Calculate 14 + (-15 - -4) - 13.
-10
(-11 - -16) + 1 + 0
6
What is the value of 2 - (-2 + (-1 - (-6 + 3)))?
2
What is -9 - -21 - (4 + 10)?
-2
Calculate -144 + 134 - (-3 + 0).
-7
What is the value of (3 + -7 - -4) + 4?
4
(-1 - (-7 + 4)) + 0
2
Evaluate -10 + -7 + (-10 - -32).
5
11 + -5 + (-6 - 1)
-1
What is the value of 7 - (-4 + 3 - -4)?
4
(-9 - -17)